{"id":268,"date":"2023-04-10T13:48:41","date_gmt":"2023-04-10T12:48:41","guid":{"rendered":"https:\/\/rys-nocnymaraton.pl\/wp\/?page_id=268"},"modified":"2023-04-21T21:15:55","modified_gmt":"2023-04-21T20:15:55","slug":"organizatorzy","status":"publish","type":"page","link":"https:\/\/rys-nocnyrajd.pl\/?page_id=268","title":{"rendered":"Organizatorzy"},"content":{"rendered":"\n<table border=\"0\" class=\"lista\">\n\t\t<tbody><tr>\n\t\t<td style=\"padding-bottom: 50px;\"><img decoding=\"async\" src=\"\/images\/organizatorzy\/nszzfipw.png\"><\/td>\n\t\t<td style=\"padding-bottom: 50px;\">ZARZ\u0104D TERENOWY NSZZFiPW PRZY ZAK\u0141ADZIE KARNYM NR 2 WE WROC\u0141AWIU<\/td>\n\t\t<\/tr><tr>\n\t\t<td style=\"padding-bottom: 50px;\"><a href=\"https:\/\/sw.gov.pl\/jednostka\/oddzial-zewnetrzny-we-wroclawiu\"><img decoding=\"async\" src=\"\/images\/organizatorzy\/SW.png\"><\/a><\/td>\n\t\t<td style=\"padding-bottom: 50px;\">FUNKCJONARIUSZE ODDZIA\u0141U ZEWN\u0118TRZNEGO ARESZTU \u015aLEDCZEGO WE WROC\u0141AWIU<\/td>\n\t\t<\/tr><tr>\n\t\t<td style=\"padding-bottom: 50px;\"><img decoding=\"async\" src=\"\/images\/organizatorzy\/SP.png\"><\/td>\n\t\t<td style=\"padding-bottom: 50px;\">GRUPA SEMPER PARATI<\/td>\n\t\t<\/tr><tr>\n\t\t<td style=\"padding-bottom: 0px;\"><a href=\"http:\/\/www.gokis.katywroclawskie.com\/?page_id=4765\"><img decoding=\"async\" src=\"\/images\/organizatorzy\/GOKiS.png\"><\/a><\/td>\n\t\t<td style=\"padding-bottom: 0px;\">GMINNY O\u015aRODEK KULTURY I SPORTU W K\u0104TACH WROC\u0141AWSKICH<\/td>\n\t\t<\/tr>\n\t\t<\/tbody><\/table>\n","protected":false},"excerpt":{"rendered":"<p><a href=\"https:\/\/rys-nocnyrajd.pl\/?page_id=268\" class=\"more-link\"><span class=\"more-button\"><span class=\"screen-reader-text\">Organizatorzy<\/span><\/span><\/a><\/p>\n","protected":false},"author":1,"featured_media":0,"parent":0,"menu_order":0,"comment_status":"closed","ping_status":"closed","template":"","meta":{"footnotes":""},"class_list":["post-268","page","type-page","status-publish","hentry"],"_links":{"self":[{"href":"https:\/\/rys-nocnyrajd.pl\/index.php?rest_route=\/wp\/v2\/pages\/268","targetHints":{"allow":["GET"]}}],"collection":[{"href":"https:\/\/rys-nocnyrajd.pl\/index.php?rest_route=\/wp\/v2\/pages"}],"about":[{"href":"https:\/\/rys-nocnyrajd.pl\/index.php?rest_route=\/wp\/v2\/types\/page"}],"author":[{"embeddable":true,"href":"https:\/\/rys-nocnyrajd.pl\/index.php?rest_route=\/wp\/v2\/users\/1"}],"replies":[{"embeddable":true,"href":"https:\/\/rys-nocnyrajd.pl\/index.php?rest_route=%2Fwp%2Fv2%2Fcomments&post=268"}],"version-history":[{"count":6,"href":"https:\/\/rys-nocnyrajd.pl\/index.php?rest_route=\/wp\/v2\/pages\/268\/revisions"}],"predecessor-version":[{"id":534,"href":"https:\/\/rys-nocnyrajd.pl\/index.php?rest_route=\/wp\/v2\/pages\/268\/revisions\/534"}],"wp:attachment":[{"href":"https:\/\/rys-nocnyrajd.pl\/index.php?rest_route=%2Fwp%2Fv2%2Fmedia&parent=268"}],"curies":[{"name":"wp","href":"https:\/\/api.w.org\/{rel}","templated":true}]}}