{"id":287,"date":"2023-04-10T13:59:41","date_gmt":"2023-04-10T12:59:41","guid":{"rendered":"https:\/\/rys-nocnymaraton.pl\/wp\/?page_id=287"},"modified":"2023-04-19T19:12:44","modified_gmt":"2023-04-19T18:12:44","slug":"biegi-partnerskie","status":"publish","type":"page","link":"https:\/\/rys-nocnyrajd.pl\/?page_id=287","title":{"rendered":"Biegi Partnerskie"},"content":{"rendered":"\n<table border=\"0\" cellpadding=\"10\" class=\"lista\">\n\n\t\t<tbody><tr>\n\t\t<td colspan=\"2\"><a target=\"_blank\" href=\"https:\/\/www.facebook.com\/Bieg-z-przeszkodami-KRATA-414432005604687\" rel=\"noopener\"><img decoding=\"async\" width=\"250px\" img=\"\" src=\"https:\/\/rys-nocnyrajd.pl\/images\/biegi\/bieg_krata.png\"><\/a><\/td>\n\t\t<\/tr>\n\t\t<tr><td colspan=\"2\" style=\"border-bottom:1px solid black; text-align: justify;\">Bieg z przeszkodami KRATA &#8211; ka\u017cda edycja biegu ods\u0142ania now\u0105 tras\u0119, kt\u00f3ra ukazuje zabytki miasta. Do pokonania niemal 10 km trasa i ponad 30 zr\u00f3\u017cnicowanych przeszk\u00f3d &#8211; w tym terenowych. Organizatorem imprezy jest Zarz\u0105d Terenowy NSZZFiPW w Areszcie \u015aledczym w Dzier\u017coniowie.<\/td><\/tr>\t\t\n\t\t\n\t\t<tr>\n\t\t<td colspan=\"2\"><a target=\"_blank\" href=\"https:\/\/www.facebook.com\/Bieg-prze%C5%82ajowy-S%C5%82u%C5%BCb-Mundurowych-i-sympatyk%C3%B3w-Memoria%C5%82-Tomasza-Mielko-1211439328919546\/\" rel=\"noopener\"><img decoding=\"async\" width=\"250px\" src=\"https:\/\/rys-nocnyrajd.pl\/images\/biegi\/Memorial_Tomasza_Mielki.png\"><\/a><\/td>\n\t\t<\/tr>\n\t\t<tr><td colspan=\"2\" style=\"text-align: justify;\">Bieg prze\u0142ajowy S\u0142u\u017cb Mundurowych i Sympatyk\u00f3w &#8211; Memoria\u0142 Tomasza Mielki &#8211; Memoria\u0142 obywa si\u0119 corocznie i jest wydarzeniem skierowanym do wszystkich mi\u0142o\u015bnik\u00f3w biegania. Celem imprezy jest uczczenie pami\u0119ci Tomasza Mielki, kt\u00f3ry zgin\u0105\u0142 tragicznie podczas s\u0142u\u017cby. Zawodnicy startuj\u0105na dystansach 5 km i 10 km. Organizatorem imprezy jest Zarz\u0105d Okr\u0119gowy NSZZFiPW w Poznaniu.<\/td><\/tr>\n\t\t\n\t\t<\/tbody><\/table>\n","protected":false},"excerpt":{"rendered":"<p><a href=\"https:\/\/rys-nocnyrajd.pl\/?page_id=287\" class=\"more-link\"><span class=\"more-button\"><span class=\"screen-reader-text\">Biegi Partnerskie<\/span><\/span><\/a><\/p>\n","protected":false},"author":1,"featured_media":0,"parent":284,"menu_order":0,"comment_status":"closed","ping_status":"closed","template":"","meta":{"footnotes":""},"class_list":["post-287","page","type-page","status-publish","hentry"],"_links":{"self":[{"href":"https:\/\/rys-nocnyrajd.pl\/index.php?rest_route=\/wp\/v2\/pages\/287","targetHints":{"allow":["GET"]}}],"collection":[{"href":"https:\/\/rys-nocnyrajd.pl\/index.php?rest_route=\/wp\/v2\/pages"}],"about":[{"href":"https:\/\/rys-nocnyrajd.pl\/index.php?rest_route=\/wp\/v2\/types\/page"}],"author":[{"embeddable":true,"href":"https:\/\/rys-nocnyrajd.pl\/index.php?rest_route=\/wp\/v2\/users\/1"}],"replies":[{"embeddable":true,"href":"https:\/\/rys-nocnyrajd.pl\/index.php?rest_route=%2Fwp%2Fv2%2Fcomments&post=287"}],"version-history":[{"count":1,"href":"https:\/\/rys-nocnyrajd.pl\/index.php?rest_route=\/wp\/v2\/pages\/287\/revisions"}],"predecessor-version":[{"id":289,"href":"https:\/\/rys-nocnyrajd.pl\/index.php?rest_route=\/wp\/v2\/pages\/287\/revisions\/289"}],"up":[{"embeddable":true,"href":"https:\/\/rys-nocnyrajd.pl\/index.php?rest_route=\/wp\/v2\/pages\/284"}],"wp:attachment":[{"href":"https:\/\/rys-nocnyrajd.pl\/index.php?rest_route=%2Fwp%2Fv2%2Fmedia&parent=287"}],"curies":[{"name":"wp","href":"https:\/\/api.w.org\/{rel}","templated":true}]}}