{"id":500,"date":"2023-04-19T19:24:15","date_gmt":"2023-04-19T18:24:15","guid":{"rendered":"https:\/\/rys-nocnymaraton.pl\/wp\/?page_id=500"},"modified":"2023-04-19T19:24:16","modified_gmt":"2023-04-19T18:24:16","slug":"vii-edycja","status":"publish","type":"page","link":"https:\/\/rys-nocnyrajd.pl\/?page_id=500","title":{"rendered":"VII EDYCJA"},"content":{"rendered":"\n\t\t<table border=\"0\" cellpadding=\"10\" class=\"lista\">\n\n\t\t<tr>\n\t\t<td colspan=\"2\"><a target=\"_blank\" href=\"http:\/\/www.pw.info.pl\/index.html\" rel=\"noopener\"><img decoding=\"async\" src=\"\/images\/partnerzy\/pw.jpg\"><\/a><\/td>\n\t\t<\/tr>\n\t\t<tr><td colspan=\"2\" style=\"border-bottom:1px solid black; text-align: justify;\">Firma PW zajmuje si\u0119 zabezpieczeniem i transportem medycznym od 2006. Dzi\u0119ki naszej wykwalifikowanej kadrze sk\u0142adaj\u0105cej si\u0119 z do\u015bwiadczonych ratownik\u00f3w medycznych, kierowc\u00f3w ratownik\u00f3w i lekarzy mo\u017cemy zapewni\u0107 obs\u0142ug\u0119 medyczn\u0105 ka\u017cdej imprezy masowej na najwy\u017cszym poziomie. Dzi\u0119ki po\u0142\u0105czeniu wykwalifikowanego zespo\u0142u i sprz\u0119tu medycznego na europejskim poziomie jeste\u015bmy w stanie zaoferowa\u0107 zabezpieczenie medyczne najwy\u017cszej jako\u015bci.<\/td><\/tr>\t\t\n\t\t\n\t\t<tr>\n\t\t<td colspan=\"2\"><a target=\"_blank\" href=\"http:\/\/spjmedia.nazwa.pl\/spjtest\/\" rel=\"noopener\"><img decoding=\"async\" width=\"250px\" src=\"\/images\/partnerzy\/spj_media.png\"><\/a><\/td>\n\t\t<\/tr>\n\t\t<tr><td colspan=\"2\" style=\"border-bottom:1px solid black; text-align: justify;\">SPJ MEDIA to firma i ludzie zajmuj\u0105cy si\u0119 produkcj\u0105 i realizacj\u0105 film\u00f3w oraz program\u00f3w telewizyjnych. Wieloletnie do\u015bwiadczenie pozwala nam tworzy\u0107 ka\u017cdy gatunek opowie\u015bci audiowizualnej; reporta\u017ce, teledyski, programy telewizyjne, reklamy, animacje, programy edukacyjne, filmy dokumentalne i promocyjne.<\/td><\/tr>\n\t\t\n\t\t<tr>\n\t\t<td colspan=\"2\"><a target=\"_blank\" href=\"https:\/\/www.facebook.com\/Quad-B%C3%B3br-Team-Nowogr%C3%B3d-Bobrza%C5%84ski-726135520757460\" rel=\"noopener\"><img decoding=\"async\" width=\"250px\" src=\"\/images\/partnerzy\/quad_bobr_team.png\"><\/a><\/td>\n\t\t<\/tr>\n\t\t<tr><td colspan=\"2\" style=\"border-bottom:1px solid black; text-align: justify;\"><\/td><\/tr>\t\n\t\t\n\t\t<tr>\n\t\t<td><a target=\"_blank\" href=\"http:\/\/www.diagnostic-car.cba.pl\" rel=\"noopener\"><img decoding=\"async\" width=\"490px\" src=\"\/images\/partnerzy\/diagnostic_car.png\"><\/a><\/td>\n\t\t<td width=\"250px\"><img decoding=\"async\" src=\"\/images\/partnerzy\/sponsor.png\"><\/td>\n\t\t<\/tr>\n\t\t<tr><td colspan=\"2\" style=\"border-bottom:1px solid black; text-align: justify;\">Zajmujemy si\u0119 diagnostyk\u0105 oraz napraw\u0105 wszystkich marek samochod\u00f3w. Mamy du\u017ce do\u015bwiadczenie zwi\u0105zane z elektryk\u0105 oraz elektronik\u0105 pojazdow\u0105.<\/td><\/tr>\n\t\t\n\t\t<tr>\n\t\t<td><a target=\"_blank\" href=\"http:\/\/www.ski-raft.pl\/\" rel=\"noopener\"><img decoding=\"async\" width=\"250px\" src=\"\/images\/partnerzy\/skiraft.jpg\"><\/a><\/td>\n\t\t<td width=\"250px\"><img decoding=\"async\" src=\"\/images\/partnerzy\/sponsor.png\"><\/td>\n\t\t<\/tr>\n\t\t<tr><td colspan=\"2\" style=\"border-bottom:1px solid black; text-align: justify;\">Firma Ski-Raft powsta\u0142a w wyniku po\u0142\u0105czenia dw\u00f3ch firm zajmuj\u0105cych si\u0119 organizowaniem aktywnego wypoczynku. W roku 2009 przyj\u0119li\u015bmy form\u0119 sp\u00f3\u0142ki cywilnej a od 2014 jeste\u015bmy sp\u00f3\u0142k\u0105 z ograniczon\u0105 odpowiedzialno\u015bci\u0105. Od roku 2009 dzia\u0142amy na terenie Ziemi K\u0142odzkiej i Z\u0105bkowickiej a nasz\u0105 g\u0142\u00f3wn\u0105 siedzib\u0105 jest Bardo Przysta\u0144 Wodna. Naszymi kluczowymi us\u0142ugami, nagradzanymi i wyr\u00f3\u017cnianymi w wielu konkursach i plebiscytach turystycznych i gospodarczych, s\u0105 Sp\u0142ywy Prze\u0142omem Bardzkim odbywaj\u0105ce si\u0119 na pontonach. Zim\u0105 organizujemy aktywny wypoczynek, kt\u00f3rego g\u0142\u00f3wn\u0105 atrakcj\u0105 s\u0105 narty, prowadzimy wypo\u017cyczalni\u0119 nart i sprz\u0119tu zimowego, serwis narciarski oraz szkolenia narciarskie. Organizujemy te\u017c zimowe sp\u0142ywy \u2013 zar\u00f3wno kajakami, jak r\u00f3wnie\u017c pontonami.<\/td><\/tr>\n\t\t\n\t\t<tr>\n\t\t<td><a target=\"_blank\" href=\"http:\/\/www.krucze-skaly.pl\/\" rel=\"noopener\"><img decoding=\"async\" width=\"250px\" src=\"\/images\/partnerzy\/krucze_skaly.png\"><\/a><\/td>\n\t\t<td width=\"250px\"><img decoding=\"async\" src=\"\/images\/partnerzy\/sponsor.png\"><\/td>\n\t\t<\/tr>\n\t\t<tr><td colspan=\"2\" style=\"border-bottom:1px solid black; text-align: justify;\">O\u015brodek konferencyjno-wypoczynkowy Krucze Ska\u0142y po\u0142o\u017cony jest u podn\u00f3\u017ca malowniczej grupy skalnej &#8222;Krucze Ska\u0142y&#8221; nad potokiem P\u0142omnica. Obiekt posiada 86 miejsc noclegowych w pokojach 1,2,3 osobowych. Tu\u017c przy O\u015brodku rozpoczynaj\u0105 sw\u00f3j bieg szlaki turystyczne. Z my\u015bl\u0105 o naszych go\u015bciach powsta\u0142y: kort tenisowy, plac zabawa, si\u0142ownia, sauna, bawialnia, dwie sale konferencyjne, monitorowany parking, sala gastronomiczna, zadaszone miejsce do grillowania.<\/td><\/tr>\t\n\t\t\n\t\t<tr>\n\t\t<td><a target=\"_blank\" href=\"http:\/\/www.hofpol.com.pl\/\" rel=\"noopener\"><img decoding=\"async\" width=\"250px\" src=\"\/images\/partnerzy\/hofpol.png\"><\/a><\/td>\n\t\t<td width=\"250px\"><img decoding=\"async\" src=\"\/images\/partnerzy\/sponsor.png\"><\/td>\n\t\t<\/tr>\n\t\t<tr><td colspan=\"2\" style=\"border-bottom:1px solid black; text-align: justify;\">Autoserwis Hofpol dzia\u0142a na rynku us\u0142ug samochodowych od ponad 27 lat. Od pocz\u0105tku dzia\u0142alno\u015bci zajmujemy si\u0119 sprzeda\u017c\u0105 opon i felg. Nasz serwis zajmuje si\u0119 us\u0142ugami z zakresu:<br>\n\t\t* Mechaniki samochodowej<br>\n\t\t* Geometrii zawieszenia<br>\n\t\t* Klimatyzacji<br>\n\t\t* Wymiana ogumienia i jego przechowywania<br>\n\t\t* Sprzeda\u017cy i naprawy opon i felg<\/td><\/tr>\t\n\t\t\n\t\t<tr>\n\t\t<td><a target=\"_blank\" href=\"http:\/\/www.hs.wroc.pl\" rel=\"noopener\"><img decoding=\"async\" width=\"250px\" src=\"\/images\/partnerzy\/hs_hydraulika.jpg\"><\/a><\/td>\n\t\t<td width=\"250px\"><img decoding=\"async\" src=\"\/images\/partnerzy\/sponsor.png\"><\/td>\n\t\t<\/tr>\n\t\t<tr><td colspan=\"2\" style=\"border-bottom:1px solid black; text-align: justify;\">\n\t\tFirma Hydraulik Services Sp. z o.o. rozpocz\u0119\u0142a dzia\u0142alno\u015b\u0107 we Wroc\u0142awiu w styczniu 2005 roku. Dynamiczny rozw\u00f3j firmy oraz zapotrzebowanie na us\u0142ugi zwi\u0105zane z hydraulik\u0105 si\u0142ow\u0105 doprowadzi\u0142y do utworzenia oddzia\u0142u w Jaworze (rok 2009) oraz w \u015awidnicy (rok 2010). Firma Hydraulik Services Sp. z o. o. jest firm\u0105 wiod\u0105c\u0105 na rynku dolno\u015bl\u0105skim, zajmuj\u0105c\u0105 si\u0119 szeroko poj\u0119t\u0105 hydraulik\u0105 si\u0142ow\u0105. Zakres dzia\u0142alno\u015bci firmy wci\u0105\u017c si\u0119 poszerza. Firma zajmuje si\u0119 m. in.: produkcja przewod\u00f3w ci\u015bnieniowych zgodnie z wymaganiami klienta, produkcja i remont zasilaczy hydraulicznych, sprzeda\u017c komponent\u00f3w hydrauliki si\u0142owej, ca\u0142odobowy, profesjonalny serwis hydrauliki si\u0142owej.\n\t\t<\/td><\/tr>\n\t\t\n\t\t<tr>\n\t\t<td colspan=\"2\"><a target=\"_blank\" href=\"http:\/\/poznan.nszzfipw.pl\/\" rel=\"noopener\"><img decoding=\"async\" width=\"125px\" src=\"\/images\/partnerzy\/nszzfipw.png\"><\/a><\/td>\n\t\t<\/tr>\n\t\t<tr><td colspan=\"2\" style=\"border-bottom:1px solid black; text-align: justify;\">ZARZ\u0104D OKR\u0118GOWY NSZZFiPW W POZNANIU<\/td><\/tr>\n\t\t\n\t\t<tr>\n\t\t<td><a target=\"_blank\" href=\"http:\/\/www.paclan.pl\" rel=\"noopener\"><img decoding=\"async\" width=\"518px\" src=\"\/images\/partnerzy\/paclan-cedo.png\"><\/a><\/td>\n\t\t<td width=\"250px\"><img decoding=\"async\" src=\"\/images\/partnerzy\/sponsor.png\"><\/td>\n\t\t<\/tr>\n\t\t<tr><td colspan=\"2\" style=\"border-bottom:1px solid black; text-align: justify;\">\n\t\tKilka ciekawostek o firmie PACLAN (holding CeDo):<br \/><br \/>\n\t\t\u2022 100% udzia\u0142\u00f3w w holdingu CeDo posiada Straco Investments.<br \/><br \/>\n\t\t\u2022 3,5 mln metr\u00f3w folii &#8211; Nasze fabryki codziennie opuszcza ponad 3,5 miliona metr\u00f3w folii aluminiowej. To wi\u0119cej ni\u017c odleg\u0142o\u015b\u0107 mi\u0119dzy Wroc\u0142awiem a Lizbon\u0105!<br \/><br \/>\n\t\t\u2022 produkujemy ponad 310 ton work\u00f3w dziennie. Ka\u017cdego dnia produkujemy ok. 310 ton work\u00f3w foliowych. Dla por\u00f3wnania &#8211; tyle wa\u017c\u0105 dwa Boeingi 777!<br \/><br \/>\n\t\t\u2022 ponad 50 lat istnienia. Od ponad 50 lat troszczymy si\u0119 o wyposa\u017cenie dom\u00f3w, porz\u0105dek w \u0142azienkach i salonach oraz o idealne potrawy, kt\u00f3re powstaj\u0105 w kuchniach!<br \/><br \/>\n\t\t\u2022 ponad 20 lat na polskim rynku. Ju\u017c ponad 20 lat jeste\u015bmy obecni na polskim rynku, dostarczaj\u0105c Wam nasze produkty i wci\u0105\u017c udoskonalaj\u0105c nasz\u0105 ofert\u0119, by zadba\u0107 o ka\u017cdy dom.<br \/><br \/>\n\t\t\u2022 2000 produkt\u00f3w w grupie CeDo. W grupie posiadamy ju\u017c ok. 2000 produkt\u00f3w, kt\u00f3re ka\u017cdego dnia pomagaj\u0105 Wam w codziennych czynno\u015bciach u\u0142atwiaj\u0105c zwyk\u0142e prace domowe.<br \/><br \/>\n\t\t\u2022 4 fabryki na \u015bwiecie. Nasze 4 fabryki rozmieszczone po \u015bwiecie pracuj\u0105 dzielnie ka\u017cdego dnia, produkuj\u0105c dla Was to, co najlepsze dla ka\u017cdego domu.<br \/><br \/>\n\t\t\u2022 5 oddzia\u0142\u00f3w sprzeda\u017cy. Jeste\u015bmy zawsze blisko, kiedy nas potrzebujecie. W ka\u017cdym z naszych 5 oddzia\u0142\u00f3w sprzeda\u017cy nasi pracownicy dbaj\u0105 o Wasze zadowolenie!\n\t\t<\/td><\/tr>\n\t\t\n\t\t<tr>\n\t\t<td><img decoding=\"async\" width=\"125px\" src=\"\/images\/partnerzy\/nszzfipw.png\"><\/td>\n\t\t<td width=\"250px\"><img decoding=\"async\" src=\"\/images\/partnerzy\/sponsor.png\"><\/td>\n\t\t<\/tr>\n\t\t<tr><td colspan=\"2\" style=\"border-bottom:1px solid black; text-align: justify;\">ZT NSZZFiPW przy Zak\u0142adzie Karnym nr 1 we Wroc\u0142awiu<\/td><\/tr>\n\t\t\n\t\t<tr>\n\t\t<td colspan=\"2\"><img decoding=\"async\" width=\"125px\" src=\"\/images\/partnerzy\/nszzfipw.png\"><\/td>\n\t\t<\/tr>\n\t\t<tr><td colspan=\"2\" style=\"border-bottom:1px solid black; text-align: justify;\">ZT NSZZFiPW przy Zak\u0142adzie Karnym w Zar\u0119bie<\/td><\/tr>\n\t\t\n\t\t<tr>\n\t\t<td><a target=\"_blank\" href=\"http:\/\/www.zo-nszzfipw-wroclaw.pl\/\" rel=\"noopener\"><img decoding=\"async\" width=\"125px\" src=\"\/images\/partnerzy\/nszzfipw.png\"><\/a><\/td>\n\t\t<td width=\"250px\"><img decoding=\"async\" src=\"\/images\/partnerzy\/sponsor.png\"><\/td>\n\t\t<\/tr>\n\t\t<tr><td colspan=\"2\" style=\"border-bottom:1px solid black; text-align: justify;\">ZO NSZZFiPW we Wroc\u0142awiu<\/td><\/tr>\n\t\t\n\t\t<tr>\n\t\t<td colspan=\"2\"><img decoding=\"async\" width=\"125px\" src=\"\/images\/partnerzy\/nszzfipw.png\"><\/td>\n\t\t<\/tr>\n\t\t<tr><td colspan=\"2\" style=\"border-bottom:1px solid black; text-align: justify;\">ZT NSZZFiPW przy Zak\u0142adzie Karnym w K\u0142odzku<\/td><\/tr>\n\t\t\n\t\t<!--<tr>\n\t\t<td colspan=\"2\"><a target=\"_blank\" href=\"https:\/\/www.facebook.com\/ASG.Grupa.Poludniowy.Zachod\" rel=\"noopener\"><img decoding=\"async\" width=\"250px\" src=\"\/images\/partnerzy\/gpz.jpg\"><\/a><\/td>\n\t\t<\/tr>\n\t\t<tr><td colspan=\"2\" style=\"border-bottom:1px solid black; text-align: justify;\">Grupa Po\u0142udniowy-Zach\u00f3d to amatorska dru\u017cyna sportowa, kt\u00f3ra powsta\u0142a z po\u0142\u0105czenia dw\u00f3ch, kiedy\u015b pr\u0119\u017cnie dzia\u0142aj\u0105cych w \u015brodowisku airsoftowym ekip na Dolnym \u015al\u0105sku DTR Brygady i OASG.<br \/><br \/>Ludzie po\u0142\u0105czeni wsp\u00f3ln\u0105 pasj\u0105 i z mn\u00f3stwem pozytywnej energii, kreatywnych, pe\u0142nych pasji i ch\u0119ci do dzia\u0142ania na r\u00f3\u017cnych p\u0142aszczyznach. Mieszanka wybuchowa w czystej postaci: student, kierowca rajdowy, artysta muzyk, ratownik medyczny, ojciec rodziny i przyk\u0142adny m\u0105\u017c, biznesmen - to tylko cz\u0119\u015b\u0107 tego co powoduje, \u017ce GPZ jest sama w sobie wyj\u0105tkowym zjawiskiem.<\/td><\/tr>-->\n\t\t\n\t\t<tr>\n\t\t<td><a target=\"_blank\" href=\"http:\/\/www.zielonekominkowe.pl\" rel=\"noopener\"><img decoding=\"async\" width=\"250px\" src=\"\/images\/partnerzy\/drewnex.png\"><\/a><\/td>\n\t\t<td width=\"250px\"><img decoding=\"async\" src=\"\/images\/partnerzy\/sponsor.png\"><\/td>\n\t\t<\/tr>\n\t\t<tr><td colspan=\"2\" style=\"border-bottom:1px solid black; text-align: justify;\">\n\t\tFirma DREWNEX dzia\u0142a na rynku od 2000 roku. Na przestrzeni kilkunastu lat istnienia naszej dzia\u0142alno\u015bci zdobyli\u015bmy zaufanie kilku tysi\u0119cy prywatnych odbiorc\u00f3w drewna kominkowego. Zdecydowana wi\u0119kszo\u015b\u0107 naszych klient\u00f3w to klienci stali, od lat zadowoleni z jako\u015bci naszego drewna i uczciwo\u015bci naszej firmy. Zaopatrujemy zar\u00f3wno prywatnych klient\u00f3w jak i firmy z bran\u017cy gastronomicznej. Dysponujemy szerokim asortymentem drewna kominkowego w przyst\u0119pnych cenach.<br \/><br \/>\n\t\t\t\t\n\t\tGwarantujemy:<br \/>\n\t\t&#8211; wysokiej jako\u015bci drewno kominkowe: buk, brzoza, grab, d\u0105b, jesion,<br \/>\n\t\t&#8211; szybki transport na terenie woj. dolno\u015bl\u0105skiego i opolskiego,<br \/>\n\t\t&#8211; dla sta\u0142ych klient\u00f3w rabaty, upominki i promocje.<br \/><br \/>\n\n\t\tStaramy si\u0119 spe\u0142nia\u0107 oczekiwania nawet najbardziej wymagaj\u0105cych klient\u00f3w. Na przestrzeni ponad 10 lat istnienia naszej dzia\u0142alno\u015bci zdobyli\u015bmy zaufanie kilku tysi\u0119cy prywatnych odbiorc\u00f3w. Zdecydowana wi\u0119kszo\u015b\u0107 naszych klient\u00f3w to klienci stali, od lat zadowoleni z jako\u015bci naszego drewna i uczciwo\u015bci naszej firmy.\n\t\t<\/td><\/tr>\n\t\t\n\t\t<tr>\n\t\t<td><a target=\"_blank\" href=\"http:\/\/www.plastmer.com.pl\" rel=\"noopener\"><img decoding=\"async\" width=\"250px\" src=\"\/images\/partnerzy\/plastmer.png\"><\/a><\/td>\n\t\t<td width=\"250px\"><img decoding=\"async\" src=\"\/images\/partnerzy\/sponsor.png\"><\/td>\n\t\t<\/tr>\n\t\t<tr><td colspan=\"2\" style=\"border-bottom:1px solid black; text-align: justify;\">\n\t\tPLASTMER Sp. z o.o. sp. k. producent element\u00f3w z tworzyw sztucznych, to firma rodzinna, kt\u00f3ra od pocz\u0105tku istnienia stawia na ludzi.\n\t\t<br \/><br \/>\n\t\tNAJWY\u017bSZA JAKO\u015a\u0106, NAJLEPSZA CENA, KOMPLEKSOWA OBS\u0141UGA\n\t\t<br \/><br \/>\n\t\tMisja naszej firmy jest prosta. Chcemy oferowa\u0107 klientom najwy\u017csz\u0105 jako\u015b\u0107, po jak najlepszej cenie, zapewniaj\u0105c kompleksow\u0105 obs\u0142ug\u0119 na wszystkich etapach wsp\u00f3\u0142pracy. Aby zaskakiwa\u0107 naszych klient\u00f3w, musimy ca\u0142y czas si\u0119 rozwija\u0107. Wdra\u017cane systemy zarz\u0105dzania jako\u015bci\u0105, nowy marketing, zintegrowany system obs\u0142ugi klienta, inwestycje w naszych pracownik\u00f3w oraz przebudowa infrastruktury firmy ju\u017c owocuj\u0105 nowymi mo\u017cliwo\u015bciami. Najwa\u017cniejsze jest dla nas zadowolenie klient\u00f3w. Jeste\u015bmy elastyczni i nowatorscy\n\t\t<br \/><br \/>\n\t\tZAUFALI NAM NAJLEPSI\n\t\t<br \/><br \/>\n\t\tDo naszych klient\u00f3w nale\u017c\u0105 najbardziej znane marki z bran\u017c AGD, RTV i motoryzacyjnych.\n\t\t<br \/><br \/>\n\t\tWIERZYMY W SUKCES, WIERZYMY W LUDZI, WIERZYMY W ROZW\u00d3J\n\t\t<br \/><br \/>\n\t\tChcemy zaskakiwa\u0107 naszych klient\u00f3w nowymi mo\u017cliwo\u015bciami. Podstaw\u0105 naszej firmy jest nieustanny rozw\u00f3j, inwestycja w ludzi, innowacyjne technologie i troska o \u015brodowisko. Zaufanie, kt\u00f3rym obdarzaj\u0105 nas klienci, zawdzi\u0119czamy naszym pracownikom.\n\t\t<\/td><\/tr>\n\n\t\t<tr>\n\t\t<td colspan=\"2\"><a target=\"_blank\" href=\"http:\/\/www.parkouredukacja.com.pl\" rel=\"noopener\"><img decoding=\"async\" width=\"250px\" src=\"\/images\/partnerzy\/parkour.png\"><\/a><\/td>\n\t\t<\/tr>\n\t\t<tr><td colspan=\"2\" style=\"border-bottom:1px solid black; text-align: justify;\">\n\t\tJeste\u015bmy dynamiczn\u0105 grup\u0105 m\u0142odych, ale ju\u017c doros\u0142ych ludzi pasjonuj\u0105cych si\u0119 ruchem oraz doskonaleniem naszej fizyczno\u015bci i umys\u0142\u00f3w. Nasz\u0105 g\u0142\u00f3wn\u0105 dyscyplin\u0105 jest Parkour, oparty o bieganie, skakanie i wspinaczk\u0119. Miks tych dyscyplin pozwala nam na przeprowadzenie trening\u00f3w o rozmaitym stopniu trudno\u015bci dla r\u00f3\u017cnych odbiorc\u00f3w, ukierunkowanych na r\u00f3\u017cne umiej\u0119tno\u015bci. Zajmujemy si\u0119 przede wszystkim edukacj\u0105 w kontek\u015bcie dyscypliny oraz spo\u0142eczno\u015bci. Docieramy do dzieci, doros\u0142ych, a tak\u017ce tych, kt\u00f3rzy potrzebuj\u0105 wyspecjalizowanego treningu o zabarwieniu taktyczno-mitarnym. Nie stanowimy grupy o charakterze paramilitarnym, ale wykorzystujemy wiedz\u0119 i do\u015bwiadczenie zdobywane i rozwijane tak\u017ce przez organizacje o charakterze wojskowym.\n\t\t<\/td><\/tr>\n\t\t\n\t\t<tr>\n\t\t<td colspan=\"2\"><a target=\"_blank\" href=\"http:\/\/king-broker.pl\/\" rel=\"noopener\"><img decoding=\"async\" width=\"250px\" src=\"\/images\/partnerzy\/king_broker.png\"><\/a><\/td>\n\t\t<\/tr>\n\t\t<tr><td colspan=\"2\" style=\"text-align: justify;\">\n\t\tFirma powsta\u0142a w roku 1995 i jest jedn\u0105 z najstarszych kancelarii brokerskich w \u0141odzi. Od pocz\u0105tku zajmujemy si\u0119 dzia\u0142alno\u015bci\u0105 ubezpieczeniow\u0105, mo\u017cemy pochwali\u0107 si\u0119 ponad 20-letnim sta\u017cem na rynku. Wyr\u00f3\u017cnikiem naszej dzia\u0142alno\u015bci jest program dla funkcjonariuszy i pracownik\u00f3w s\u0142u\u017cb mundurowych oraz ich rodzin. Program obejmuje opiek\u0119 ubezpieczeniow\u0105, zni\u017cki na zakup pakietu prywatnej opieki zdrowotnej (LuxMed), a nawet zni\u017cki w zakresie abonamentu telefonii kom\u00f3rkowej (Orange), energii elektrycznej i gazu, a tak\u017ce zakupu podr\u0119cznik\u00f3w szkolnych.\n\t\t<br \/><br \/>\n\t\tSpecjalizujemy si\u0119 w kompleksowej obs\u0142udze w zakresie ubezpiecze\u0144 maj\u0105tkowych oraz ubezpiecze\u0144 na \u017cycie, podmiot\u00f3w gospodarczych oraz os\u00f3b fizycznych. Jeste\u015bmy przygotowani pod wzgl\u0119dem organizacyjnym, logistycznym, intelektualnym do sprostania wszelkim zadaniom w zakresie szeroko rozumianej dzia\u0142alno\u015bci ubezpieczeniowej, postawionym nam przez naszych klient\u00f3w. Przygotowujemy specjalistyczne programy ubezpieczeniowe dla wybranych grup klient\u00f3w, np.: s\u0142u\u017cb mundurowych, pracownik\u00f3w administracji pa\u0144stwowej i samorz\u0105dowej, abonent\u00f3w telewizji kablowej, itp. Ponadto specjalizujemy si\u0119 w ubezpieczeniach finansowych (gwarancje: zap\u0142aty wadium, nale\u017cytego wykonania umowy, usuni\u0119cia wad i usterek w okresie gwarancji i r\u0119kojmii).\n\t\t<\/td><\/tr>\n\t\t\n\t\t\n\t\t\n\t\t<\/table>\n","protected":false},"excerpt":{"rendered":"<p><a href=\"https:\/\/rys-nocnyrajd.pl\/?page_id=500\" class=\"more-link\"><span class=\"more-button\"><span class=\"screen-reader-text\">VII EDYCJA<\/span><\/span><\/a><\/p>\n","protected":false},"author":1,"featured_media":0,"parent":284,"menu_order":0,"comment_status":"closed","ping_status":"closed","template":"","meta":{"footnotes":""},"class_list":["post-500","page","type-page","status-publish","hentry"],"_links":{"self":[{"href":"https:\/\/rys-nocnyrajd.pl\/index.php?rest_route=\/wp\/v2\/pages\/500","targetHints":{"allow":["GET"]}}],"collection":[{"href":"https:\/\/rys-nocnyrajd.pl\/index.php?rest_route=\/wp\/v2\/pages"}],"about":[{"href":"https:\/\/rys-nocnyrajd.pl\/index.php?rest_route=\/wp\/v2\/types\/page"}],"author":[{"embeddable":true,"href":"https:\/\/rys-nocnyrajd.pl\/index.php?rest_route=\/wp\/v2\/users\/1"}],"replies":[{"embeddable":true,"href":"https:\/\/rys-nocnyrajd.pl\/index.php?rest_route=%2Fwp%2Fv2%2Fcomments&post=500"}],"version-history":[{"count":1,"href":"https:\/\/rys-nocnyrajd.pl\/index.php?rest_route=\/wp\/v2\/pages\/500\/revisions"}],"predecessor-version":[{"id":501,"href":"https:\/\/rys-nocnyrajd.pl\/index.php?rest_route=\/wp\/v2\/pages\/500\/revisions\/501"}],"up":[{"embeddable":true,"href":"https:\/\/rys-nocnyrajd.pl\/index.php?rest_route=\/wp\/v2\/pages\/284"}],"wp:attachment":[{"href":"https:\/\/rys-nocnyrajd.pl\/index.php?rest_route=%2Fwp%2Fv2%2Fmedia&parent=500"}],"curies":[{"name":"wp","href":"https:\/\/api.w.org\/{rel}","templated":true}]}}