{"id":520,"date":"2023-04-21T20:54:03","date_gmt":"2023-04-21T19:54:03","guid":{"rendered":"https:\/\/rys-nocnymaraton.pl\/wp\/?page_id=520"},"modified":"2023-08-25T00:34:05","modified_gmt":"2023-08-24T22:34:05","slug":"xi-edycja","status":"publish","type":"page","link":"https:\/\/rys-nocnyrajd.pl\/?page_id=520","title":{"rendered":"XI EDYCJA"},"content":{"rendered":"\n<table class=\"lista\">\n\t\t<tbody><tr>\n\t\t<td style=\"padding-bottom: 50px;\"><img decoding=\"async\" width=\"70%\" src=\"https:\/\/rys-nocnyrajd.pl\/images\/patronat-honorowy\/dosw.png\"><\/td>\n\t\t<td style=\"padding-bottom: 50px;\">DYREKTOR OKR\u0118GOWY S\u0141U\u017bBY WI\u0118ZIENNEJ W OPOLU<\/td>\n\t\t<\/tr><tr>\n\t\t<td style=\"padding-bottom: 50px;\"><img decoding=\"async\" width=\"70%\" src=\"https:\/\/rys-nocnyrajd.pl\/images\/patronat-honorowy\/bmig.png\"><\/td>\n\t\t<td style=\"padding-bottom: 50px;\">BURMISTRZ MIASTA I GMINY K\u0104TY WROC\u0141AWSKIE<\/td>\n\t\t<\/tr><tr>\n\t\t<td style=\"padding-bottom: 50px;\"><img decoding=\"async\" width=\"70%\" src=\"https:\/\/rys-nocnyrajd.pl\/images\/patronat-honorowy\/wgm.png\"><\/td>\n\t\t<td style=\"padding-bottom: 50px;\">W\u00d3JT GMINY MIETK\u00d3W<\/td>\n\t\t<\/tr><tr>\n\t\t<td style=\"padding-bottom: 0px;\"><img decoding=\"async\" width=\"70%\" src=\"https:\/\/rys-nocnyrajd.pl\/wp-content\/uploads\/2023\/08\/spw.png\"><\/td>\n\t\t<td style=\"padding-bottom: 0px;\">STAROSTA POWIATU WROC\u0141AWSKIEGO<\/td>\n\t\t<\/tr><\/tbody>\n<\/table>\n","protected":false},"excerpt":{"rendered":"<p><a href=\"https:\/\/rys-nocnyrajd.pl\/?page_id=520\" class=\"more-link\"><span class=\"more-button\"><span class=\"screen-reader-text\">XI EDYCJA<\/span><\/span><\/a><\/p>\n","protected":false},"author":1,"featured_media":0,"parent":276,"menu_order":0,"comment_status":"closed","ping_status":"closed","template":"","meta":{"footnotes":""},"class_list":["post-520","page","type-page","status-publish","hentry"],"_links":{"self":[{"href":"https:\/\/rys-nocnyrajd.pl\/index.php?rest_route=\/wp\/v2\/pages\/520","targetHints":{"allow":["GET"]}}],"collection":[{"href":"https:\/\/rys-nocnyrajd.pl\/index.php?rest_route=\/wp\/v2\/pages"}],"about":[{"href":"https:\/\/rys-nocnyrajd.pl\/index.php?rest_route=\/wp\/v2\/types\/page"}],"author":[{"embeddable":true,"href":"https:\/\/rys-nocnyrajd.pl\/index.php?rest_route=\/wp\/v2\/users\/1"}],"replies":[{"embeddable":true,"href":"https:\/\/rys-nocnyrajd.pl\/index.php?rest_route=%2Fwp%2Fv2%2Fcomments&post=520"}],"version-history":[{"count":4,"href":"https:\/\/rys-nocnyrajd.pl\/index.php?rest_route=\/wp\/v2\/pages\/520\/revisions"}],"predecessor-version":[{"id":882,"href":"https:\/\/rys-nocnyrajd.pl\/index.php?rest_route=\/wp\/v2\/pages\/520\/revisions\/882"}],"up":[{"embeddable":true,"href":"https:\/\/rys-nocnyrajd.pl\/index.php?rest_route=\/wp\/v2\/pages\/276"}],"wp:attachment":[{"href":"https:\/\/rys-nocnyrajd.pl\/index.php?rest_route=%2Fwp%2Fv2%2Fmedia&parent=520"}],"curies":[{"name":"wp","href":"https:\/\/api.w.org\/{rel}","templated":true}]}}