{"id":524,"date":"2023-04-21T21:01:29","date_gmt":"2023-04-21T20:01:29","guid":{"rendered":"https:\/\/rys-nocnymaraton.pl\/wp\/?page_id=524"},"modified":"2023-09-03T00:02:54","modified_gmt":"2023-09-02T22:02:54","slug":"xi-edycja","status":"publish","type":"page","link":"https:\/\/rys-nocnyrajd.pl\/?page_id=524","title":{"rendered":"XI EDYCJA"},"content":{"rendered":"\n<table border=\"0\" cellpadding=\"10\" class=\"lista\">\n\n\t<tr>\n\t\t<td><img decoding=\"async\" width=\"125px\" src=\"\/images\/partnerzy\/nszzfipw.png\"><\/td>\n\t\t<td width=\"250px\"><img decoding=\"async\" src=\"\/images\/partnerzy\/sponsor.png\"><\/td>\n\t<\/tr><tr>\n\t\t<td colspan=\"2\" style=\"border-bottom:1px solid black; text-align: justify;\">Zarz\u0105d Okr\u0119gowy NSZZ Funkcjonariuszy i Pracownik\u00f3w Wi\u0119ziennictwa we Wroc\u0142awiu<\/td>\n\t<\/tr>\n\n\t<tr>\n\t\t<td><img decoding=\"async\" width=\"125px\" src=\"\/images\/partnerzy\/nszzfipw.png\"><\/td>\n\t\t<td width=\"250px\"><img decoding=\"async\" src=\"\/images\/partnerzy\/sponsor.png\"><\/td>\n\t<\/tr><tr>\n\t\t<td colspan=\"2\" style=\"border-bottom:1px solid black; text-align: justify;\">Zarz\u0105d G\u0142\u00f3wny NSZZ Funkcjonariuszy i Pracownik\u00f3w Wi\u0119ziennictwa<\/td>\n\t<\/tr>\n\n\t\t<tr>\n\t\t<td><a target=\"_blank\" href=\"http:\/\/poznan.nszzfipw.pl\/\" rel=\"noopener\"><img decoding=\"async\" width=\"125px\" src=\"\/images\/partnerzy\/nszzfipw.png\"><\/a><\/td>\n\t\t<td width=\"250px\"><img decoding=\"async\" src=\"\/images\/partnerzy\/sponsor.png\"><\/td>\n\t\t<\/tr>\n\t\t<tr><td colspan=\"2\" style=\"border-bottom:1px solid black; text-align: justify;\">Zarz\u0105d Okr\u0119gowy NSZZ Funkcjonariuszy i Pracownik\u00f3w Wi\u0119ziennictwa w Poznaniu<\/td><\/tr>\n\n\t<tr>\n\t\t<td colspan=\"2\"><a target=\"_blank\" href=\"http:\/\/www.entretiming.pl\/\" rel=\"noopener\">\n\t\t<img decoding=\"async\" width=\"250px\" src=\"\/images\/partnerzy\/entre_timing.png\"><\/a><\/td>\n\t<\/tr><tr>\n\t\t<td colspan=\"2\" style=\"border-bottom:1px solid black; text-align: justify;\">Firma ENTRE timing powsta\u0142a w 2013 roku. Zapewniamy pomiar czasu w technologii RFID. Zajmujemy si\u0119 r\u00f3wnie\u017c kompleksow\u0105 organizacj\u0105 imprez. A\u017c trudno sobie wyobrazi\u0107, \u017ce jeszcze kilkana\u015bcie lat temu na mecie nawet du\u017cych imprez stali s\u0119dziowie notuj\u0105cy na kartkach czasy i numery startowe wpadaj\u0105cych na met\u0119 zawodnik\u00f3w. Obecnie \u201cca\u0142\u0105 robot\u0119\u201d wykonuje chip w numerze startowym i sprz\u0119t pomiarowy, kt\u00f3rego wydajno\u015b\u0107 pozwala na rejestracj\u0119 kilkudziesi\u0119ciu zawodnik\u00f3w na sekund\u0119.<\/td>\n\t<\/tr>\n\n\t<tr>\n\t\t<td colspan=\"2\"><a target=\"_blank\" href=\"http:\/\/www.pw.info.pl\/index.html\" rel=\"noopener\">\n\t\t<img decoding=\"async\" src=\"\/images\/partnerzy\/pw.jpg\"><\/a><\/td>\n\t<\/tr><tr>\n\t\t<td colspan=\"2\" style=\"border-bottom:1px solid black; text-align: justify;\">Firma PW zajmuje si\u0119 zabezpieczeniem i transportem medycznym od 2006. Dzi\u0119ki naszej wykwalifikowanej kadrze sk\u0142adaj\u0105cej si\u0119 z do\u015bwiadczonych ratownik\u00f3w medycznych, kierowc\u00f3w ratownik\u00f3w i lekarzy mo\u017cemy zapewni\u0107 obs\u0142ug\u0119 medyczn\u0105 ka\u017cdej imprezy masowej na najwy\u017cszym poziomie. Dzi\u0119ki po\u0142\u0105czeniu wykwalifikowanego zespo\u0142u i sprz\u0119tu medycznego na europejskim poziomie jeste\u015bmy w stanie zaoferowa\u0107 zabezpieczenie medyczne najwy\u017cszej jako\u015bci.<\/td>\n\t<\/tr>\t\n\n\t\t<tr>\n\t\t<td colspan=\"2\"><a target=\"_blank\" href=\"https:\/\/spjmedia.pl\/\" rel=\"noopener\"><img decoding=\"async\" width=\"250px\" src=\"\/images\/partnerzy\/spj_media.png\"><\/a><\/td>\n\t\t<\/tr>\n\t\t<tr><td colspan=\"2\" style=\"border-bottom:1px solid black; text-align: justify;\">SPJ MEDIA to firma i ludzie zajmuj\u0105cy si\u0119 produkcj\u0105 i realizacj\u0105 film\u00f3w oraz program\u00f3w telewizyjnych. Wieloletnie do\u015bwiadczenie pozwala nam tworzy\u0107 ka\u017cdy gatunek opowie\u015bci audiowizualnej; reporta\u017ce, teledyski, programy telewizyjne, reklamy, animacje, programy edukacyjne, filmy dokumentalne i promocyjne.<\/td><\/tr>\n\n\t\t<tr>\n\t\t<td><a target=\"_blank\" href=\"https:\/\/www.facebook.com\/decathlonwroclaw\" rel=\"noopener\"><img decoding=\"async\" width=\"250px\" src=\"https:\/\/rys-nocnyrajd.pl\/wp-content\/uploads\/2023\/08\/Decathlon_Wroclaw_logo.png\"><\/a><\/td>\n\t\t<td width=\"250px\"><img decoding=\"async\" src=\"\/images\/partnerzy\/sponsor.png\"><\/td>\n\t\t<\/tr>\n\t\t<tr><td colspan=\"2\" style=\"border-bottom:1px solid black; text-align: justify;\">Decathlon to miejsce jednocz\u0105ce pasjonat\u00f3w sportu wok\u00f3\u0142 jednego celu \u2013 W zr\u00f3wnowa\u017cony spos\u00f3b czyni\u0107 przyjemno\u015b\u0107 i korzy\u015bci p\u0142yn\u0105ce z uprawiania sportu. Oferta sieci sklep\u00f3w Decathlon obejmuje sprz\u0119t sportowy i odzie\u017c dla ponad 80 r\u00f3\u017cnych dyscyplin sportowych, a tak\u017ce specjalistyczne us\u0142ugi i serwis sprz\u0119tu. Zapraszamy do naszych Wroc\u0142awskich sklep\u00f3w Decathlon (Bielany, Magnolia i Korona) oraz na stron\u0119 www.decathlon.pl.<\/td><\/tr>\n\n\t\t<tr>\n\t\t<td><a target=\"_blank\" href=\"http:\/\/www.premegal.com.pl\/index.html\" rel=\"noopener\"><img decoding=\"async\" width=\"250px\" src=\"https:\/\/rys-nocnyrajd.pl\/wp-content\/uploads\/2023\/08\/premegal.png\"><\/a><\/td>\n\t\t<td width=\"250px\"><img decoding=\"async\" src=\"\/images\/partnerzy\/sponsor.png\"><\/td>\n\t\t<\/tr>\n\t\t<tr><td colspan=\"2\" style=\"border-bottom:1px solid black; text-align: justify;\">Premegal jest Sp\u00f3\u0142dzielni\u0105 &#8211; Zak\u0142adem Pracy Chronionej za\u0142o\u017con\u0105 w 1957 roku. Zajmujemy si\u0119 szyciem odzie\u017cy roboczej i ochronnej dla wielu bran\u017c. Jeste\u015bmy producentem bielizny p\u0142askiej dla gastronomii i hotelarstwa. Nasza dzia\u0142alno\u015b\u0107 obejmuje r\u00f3wnie\u017c us\u0142ugi zwi\u0105zane z serwisem odzie\u017cy roboczej, transportem wewn\u0119trznym, us\u0142ugami porz\u0105dkowymi. Prawie 50 lat do\u015bwiadcze\u0144 produkcyjnych i us\u0142ugowych potwierdza najwy\u017csz\u0105 jako\u015bci naszych dzia\u0142a\u0144 na rzecz naszych klient\u00f3w. Nasze do\u015bwiadczenie, kompetencje i indywidualne podej\u015bcie do klienta procentuje zaufaniem i stabilnym rozwojem firmy.<\/td><\/tr>\n\n\t\t<tr>\n\t\t<td><a target=\"_blank\" href=\"https:\/\/www.pocztowy.pl\/indywidualni\/\" rel=\"noopener\"><img decoding=\"async\" width=\"250px\" src=\"\/images\/partnerzy\/bp.jpg\"><\/a><\/td>\n\t\t<td width=\"250px\"><img decoding=\"async\" src=\"\/images\/partnerzy\/sponsor.png\"><\/td>\n\t\t<\/tr>\n\t\t<tr><td colspan=\"2\" style=\"border-bottom:1px solid black; text-align: justify;\">Jeste\u015bmy polskim bankiem detalicznym. Nasz\u0105 misj\u0105 jest zapewnianie Klientom prostych, bezpiecznych us\u0142ug finansowych w dobrej cenie. Dzi\u0119ki strategicznemu partnerstwu z Poczt\u0105 Polsk\u0105 S.A. (posiada 75% minus 10 akcji Banku), dajemy swoim Klientom dost\u0119p do us\u0142ug finansowych za po\u015brednictwem jednej z najszerszych sieci plac\u00f3wek w Polsce licz\u0105cej oko\u0142o 4,6 tys. plac\u00f3wek pocztowych, w tym blisko 800 dedykowanych wy\u0142\u0105cznie do sprzeda\u017cy produkt\u00f3w finansowych plac\u00f3wek bankowych, Mikrooddzia\u0142\u00f3w oraz Pocztowych Stref Finansowych. Drugim akcjonariuszem Banku jest PKO BP S.A. (posiada 25% plus 10 akcji Banku). Specjalizujemy si\u0119 w najprostszych produktach bankowych oferowanych w polskich z\u0142otych dla Klient\u00f3w detalicznych (w tym os\u00f3b fizycznych prowadz\u0105cych w\u0142asn\u0105 dzia\u0142alno\u015b\u0107 gospodarcz\u0105), a tak\u017ce Klient\u00f3w instytucjonalnych. Prowadzimy r\u00f3wnie\u017c dzia\u0142alno\u015b\u0107 w segmencie rozliczeniowym i skarbowym.<\/td><\/tr>\n\n\n\n\t\t<tr>\n\t\t<td><a target=\"_blank\" href=\"http:\/\/www.wshe.edu.pl\" rel=\"noopener\"><img decoding=\"async\" width=\"250px\" src=\"\/images\/partnerzy\/wshe.png\"><\/a><\/td>\n\t\t<td width=\"250px\"><img decoding=\"async\" src=\"\/images\/partnerzy\/sponsor.png\"><\/td>\n\t\t<\/tr>\n\t\t<tr><td colspan=\"2\" style=\"border-bottom:1px solid black; text-align: justify;\">Wy\u017csza Szko\u0142a Humanistyczno-Ekonomiczna w Brzegu kszta\u0142ci w zakresie nauk humanistycznych, spo\u0142ecznych i ekonomicznych. W ci\u0105gu ponad 15-sto letniej dzia\u0142alno\u015bci mury Uczelni opu\u015bci\u0142o ponad 20 000 student\u00f3w. Pozytywne oceny akredytacyjne Ministerstwa Nauki i Szkolnictwa Wy\u017cszego sytuuj\u0105 Wy\u017csz\u0105 Szko\u0142\u0119 Humanistyczno-Ekonomiczn\u0105 w Brzegu w czo\u0142\u00f3wce uczelni niepublicznych. W bogatej ofercie kierunk\u00f3w znajduj\u0105 si\u0119 studia przewidziane dla s\u0142u\u017cb mundurowych, w tym tak\u017ce pracownik\u00f3w S\u0142u\u017cby Wi\u0119ziennej &#8211; licencjackie studia kwalifikacyjne z zakresu pedagogiki resocjalizacyjnej z interwencj\u0105 kryzysow\u0105 oraz doskonal\u0105ce studia podyplomowe.<\/td><\/tr>\n\t\t\n\t\t<tr>\n\t\t<td><a target=\"_blank\" href=\"https:\/\/podyplomowecsp.edu.pl\" rel=\"noopener\"><img decoding=\"async\" width=\"250px\" src=\"https:\/\/rys-nocnyrajd.pl\/wp-content\/uploads\/2023\/09\/csp.png\"><\/a><\/td>\n\t\t<td width=\"250px\"><img decoding=\"async\" src=\"\/images\/partnerzy\/sponsor.png\"><\/td>\n\t\t<\/tr>\n\t\t<tr><td colspan=\"2\" style=\"border-bottom:1px solid black; text-align: justify;\">Centrum powsta\u0142o przy Wy\u017cszej Szkole Humanistyczno-Ekonomicznej w Brzegu jako odpowied\u017a na potrzeby w zakresie podyplomowego kszta\u0142cenia nauczycieli i nie tylko. W gronie naszych s\u0142uchaczy znajduj\u0105 si\u0119 pedagodzy, psycholodzy, terapeuci, specjali\u015bci w zakresie pracy z dzie\u0107mi i m\u0142odzie\u017c\u0105, nauczyciele i kadra zarz\u0105dzaj\u0105ca. Nasza oferta stale si\u0119 poszerza o nowe kierunki studi\u00f3w, a tak\u017ce szkolenia dla rad pedagogicznych. Wsp\u00f3\u0142pracujemy z do\u015bwiadczonymi nauczycielami akademickimi oraz specjalistami, kt\u00f3rzy wykorzystuj\u0105 nowoczesne metody dydaktyczne. Gwarantujemy tym samym zdobycie gruntownej wiedzy i wysok\u0105 jako\u015b\u0107 kszta\u0142cenia.<\/td><\/tr>\n\n\n\n\n\t\t<tr>\n\t\t<td colspan=\"2\"><a target=\"_blank\" href=\"http:\/\/www.ski-raft.pl\/\" rel=\"noopener\"><img decoding=\"async\" width=\"250px\" src=\"\/images\/partnerzy\/skiraft.jpg\"><\/a><\/td>\n\t\t<\/tr>\n\t\t<tr><td colspan=\"2\" style=\"border-bottom:1px solid black; text-align: justify;\">Firma Ski-Raft powsta\u0142a w wyniku po\u0142\u0105czenia dw\u00f3ch firm zajmuj\u0105cych si\u0119 organizowaniem aktywnego wypoczynku. W roku 2009 przyj\u0119li\u015bmy form\u0119 sp\u00f3\u0142ki cywilnej a od 2014 jeste\u015bmy sp\u00f3\u0142k\u0105 z ograniczon\u0105 odpowiedzialno\u015bci\u0105. Od roku 2009 dzia\u0142amy na terenie Ziemi K\u0142odzkiej i Z\u0105bkowickiej a nasz\u0105 g\u0142\u00f3wn\u0105 siedzib\u0105 jest Bardo Przysta\u0144 Wodna. Naszymi kluczowymi us\u0142ugami, nagradzanymi i wyr\u00f3\u017cnianymi w wielu konkursach i plebiscytach turystycznych i gospodarczych, s\u0105 Sp\u0142ywy Prze\u0142omem Bardzkim odbywaj\u0105ce si\u0119 na pontonach. Zim\u0105 organizujemy aktywny wypoczynek, kt\u00f3rego g\u0142\u00f3wn\u0105 atrakcj\u0105 s\u0105 narty, prowadzimy wypo\u017cyczalni\u0119 nart i sprz\u0119tu zimowego, serwis narciarski oraz szkolenia narciarskie. Organizujemy te\u017c zimowe sp\u0142ywy \u2013 zar\u00f3wno kajakami, jak r\u00f3wnie\u017c pontonami.<\/td><\/tr>\n\n\t\t<tr>\n\t\t<td colspan=\"2\"><a target=\"_blank\" href=\"https:\/\/miekinia.wroclaw.lasy.gov.pl\/\" rel=\"noopener\"><img decoding=\"async\" width=\"250px\" src=\"https:\/\/rys-nocnyrajd.pl\/wp-content\/uploads\/2023\/08\/lp.png\"><\/a><\/td>\n\t\t<\/tr>\n\t\t<tr><td colspan=\"2\" style=\"border-bottom:1px solid black; text-align: justify;\">Nadle\u015bnictwo Mi\u0119kinia w obecnym kszta\u0142cie organizacyjnym (tj. sk\u0142adaj\u0105ce si\u0119 z obr\u0119b\u00f3w le\u015bnych &#8211; Mi\u0119kinia i Sob\u00f3tka) powsta\u0142o na podstawie pisma Naczelnego Dyrektora Las\u00f3w Pa\u0144stwowych Nr 4 z dnia 11 stycznia 1978 roku. W jego sk\u0142ad wesz\u0142y dwa oddzielne dot\u0105d nadle\u015bnictwa &#8211; Mi\u0119kinia i Sob\u00f3tka. Deklarowanym celem takiego dzia\u0142ania by\u0142o wzmocnienie organizacyjne nadle\u015bnictwa jako jednostki gospodarczej &#8211; rozbudowa zaplecza technicznego i us\u0142ugowego oraz bran\u017cowych s\u0142u\u017cb specjalistycznych.<\/td><\/tr>\n\n\t\t<tr>\n\t\t<td colspan=\"2\"><img decoding=\"async\" width=\"125px\" src=\"\/images\/partnerzy\/nszzfipw.png\"><\/td>\n\t\t<\/tr>\n\t\t<tr><td colspan=\"2\" style=\"border-bottom:1px solid black; text-align: justify;\">Zarz\u0105d Terenowy NSZZ Funkcjonariuszy i Pracownik\u00f3w Wi\u0119ziennictwa w Zak\u0142adzie Karnym w Zar\u0119bie<\/td><\/tr>\n\t\t\n\t\t<tr>\n\t\t<td colspan=\"2\"><img decoding=\"async\" width=\"125px\" src=\"\/images\/partnerzy\/nszzfipw.png\"><\/td>\n\t\t<\/tr>\n\t\t<tr><td colspan=\"2\" style=\"border-bottom:1px solid black; text-align: justify;\">Zarz\u0105d Terenowy NSZZ Funkcjonariuszy i Pracownik\u00f3w Wi\u0119ziennictwa w Zak\u0142adzie Karnym nr 1 we Wroc\u0142awiu<\/td><\/tr>\n\n\t\t<tr>\n\t\t<td colspan=\"2\"><img decoding=\"async\" width=\"125px\" src=\"\/images\/partnerzy\/nszzfipw.png\"><\/td>\n\t\t<\/tr>\n\t\t<tr><td colspan=\"2\" style=\"border-bottom:1px solid black; text-align: justify;\">Zarz\u0105d Terenowy NSZZ Funkcjonariuszy i Pracownik\u00f3w Wi\u0119ziennictwa w Zak\u0142adzie Karnym w Wo\u0142owie<\/td><\/tr>\n\t\t\n\t\t<tr>\n\t\t<td colspan=\"2\"><img decoding=\"async\" width=\"125px\" src=\"\/images\/partnerzy\/nszzfipw.png\"><\/td>\n\t\t<\/tr>\n\t\t<tr><td colspan=\"2\" style=\"border-bottom:1px solid black; text-align: justify;\">Zarz\u0105d Terenowy NSZZ Funkcjonariuszy i Pracownik\u00f3w Wi\u0119ziennictwa w Zak\u0142adzie Karnym w K\u0142odzku<\/td><\/tr>\n\n\n\n\n\n\n\n<\/table>\n","protected":false},"excerpt":{"rendered":"<p><a href=\"https:\/\/rys-nocnyrajd.pl\/?page_id=524\" class=\"more-link\"><span class=\"more-button\"><span class=\"screen-reader-text\">XI EDYCJA<\/span><\/span><\/a><\/p>\n","protected":false},"author":1,"featured_media":0,"parent":284,"menu_order":0,"comment_status":"closed","ping_status":"closed","template":"","meta":{"footnotes":""},"class_list":["post-524","page","type-page","status-publish","hentry"],"_links":{"self":[{"href":"https:\/\/rys-nocnyrajd.pl\/index.php?rest_route=\/wp\/v2\/pages\/524","targetHints":{"allow":["GET"]}}],"collection":[{"href":"https:\/\/rys-nocnyrajd.pl\/index.php?rest_route=\/wp\/v2\/pages"}],"about":[{"href":"https:\/\/rys-nocnyrajd.pl\/index.php?rest_route=\/wp\/v2\/types\/page"}],"author":[{"embeddable":true,"href":"https:\/\/rys-nocnyrajd.pl\/index.php?rest_route=\/wp\/v2\/users\/1"}],"replies":[{"embeddable":true,"href":"https:\/\/rys-nocnyrajd.pl\/index.php?rest_route=%2Fwp%2Fv2%2Fcomments&post=524"}],"version-history":[{"count":11,"href":"https:\/\/rys-nocnyrajd.pl\/index.php?rest_route=\/wp\/v2\/pages\/524\/revisions"}],"predecessor-version":[{"id":905,"href":"https:\/\/rys-nocnyrajd.pl\/index.php?rest_route=\/wp\/v2\/pages\/524\/revisions\/905"}],"up":[{"embeddable":true,"href":"https:\/\/rys-nocnyrajd.pl\/index.php?rest_route=\/wp\/v2\/pages\/284"}],"wp:attachment":[{"href":"https:\/\/rys-nocnyrajd.pl\/index.php?rest_route=%2Fwp%2Fv2%2Fmedia&parent=524"}],"curies":[{"name":"wp","href":"https:\/\/api.w.org\/{rel}","templated":true}]}}